 common factor of 557 and 5302083.
557
Calculate the highest common divisor of 36 and 333324.
36
What is the greatest common divisor of 5797 and 11253?
341
What is the greatest common divisor of 6560 and 1600?
160
What is the greatest common divisor of 2091634 and 190?
38
Calculate the highest common factor of 264936 and 1368.
456
What is the highest common divisor of 288 and 846?
18
What is the greatest common factor of 250 and 88625?
125
Calculate the highest common divisor of 18 and 305187.
3
What is the highest common factor of 114 and 1012244?
38
What is the greatest common divisor of 186388 and 204?
68
What is the greatest common divisor of 2088 and 882?
18
Calculate the greatest common divisor of 808455 and 15.
15
Calculate the greatest common divisor of 25046 and 133.
7
What is the greatest common divisor of 80971 and 459?
17
Calculate the greatest common divisor of 5 and 128395.
5
Calculate the greatest common factor of 27846 and 1937.
13
Calculate the highest common divisor of 49045 and 170.
85
Calculate the highest common divisor of 841 and 295423.
29
Calculate the highest common divisor of 292 and 1939099.
73
Calculate the greatest common divisor of 52064 and 512.
32
What is the greatest common factor of 10556 and 676?
52
What is the highest common divisor of 45229 and 2294?
31
What is the highest common divisor of 2973875 and 74?
37
What is the highest common factor of 31887 and 72?
9
Calculate the greatest common divisor of 2958 and 4002.
174
Calculate the highest common factor of 352 and 25399.
11
What is the highest common factor of 1365 and 380185?
65
What is the highest common divisor of 21508 and 76?
76
What is the highest common divisor of 384 and 220944?
48
Calculate the greatest common divisor of 1537414 and 186.
62
What is the highest common factor of 45 and 954?
9
Calculate the greatest common factor of 1748 and 1472.
92
Calculate the greatest common divisor of 118398 and 1288.
14
Calculate the highest common divisor of 2636 and 276.
4
What is the highest common factor of 5660 and 6060?
20
Calculate the highest common divisor of 104419 and 84.
7
What is the highest common divisor of 222908 and 1064?
532
What is the greatest common factor of 314 and 807137?
157
Calculate the greatest common factor of 2352970 and 17.
17
What is the highest common factor of 470748 and 12?
12
Calculate the highest common divisor of 42280 and 7840.
280
Calculate the highest common factor of 620 and 155.
155
What is the highest common divisor of 70934 and 522?
58
Calculate the highest common divisor of 1328 and 1985028.
332
Calculate the greatest common factor of 21176 and 1576.
8
Calculate the highest common factor of 10440 and 1800.
360
What is the greatest common divisor of 24 and 11532?
12
What is the highest common factor of 44 and 644116?
44
What is the greatest common divisor of 38500 and 55132?
308
What is the highest common divisor of 7 and 13171?
1
Calculate the greatest common divisor of 16093 and 3050773.
2299
Calculate the greatest common factor of 62640 and 259695.
1305
Calculate the greatest common factor of 5586 and 193158.
294
What is the highest common factor of 99997 and 1083?
361
Calculate the greatest common divisor of 6812910 and 1053.
1053
What is the highest common divisor of 31610 and 232?
58
What is the greatest common divisor of 645 and 13717?
43
What is the highest common factor of 285 and 2565?
285
What is the greatest common factor of 21250 and 891650?
850
Calculate the greatest common factor of 307394 and 578.
34
Calculate the highest common divisor of 2460 and 2880.
60
Calculate the greatest common factor of 3068 and 43896.
236
What is the highest common factor of 11230264 and 8?
8
What is the greatest common factor of 414 and 215418?
138
Calculate the highest common divisor of 2960136 and 16.
8
Calculate the highest common factor of 6664552 and 251.
251
Calculate the highest common divisor of 488 and 78812.
244
Calculate the highest common divisor of 152378 and 976.
122
Calculate the greatest common factor of 209 and 335434.
11
What is the greatest common divisor of 51247 and 35?
7
Calculate the highest common divisor of 4 and 4742.
2
Calculate the highest common divisor of 24 and 2421168.
24
What is the greatest common factor of 699 and 220418?
233
What is the highest common factor of 3870319 and 1767?
589
Calculate the highest common factor of 1995519 and 174.
87
Calculate the greatest common divisor of 310552 and 88.
88
Calculate the highest common factor of 3230 and 13226.
34
Calculate the greatest common divisor of 35312 and 368.
16
Calculate the highest common factor of 10 and 932930.
10
What is the highest common divisor of 1946 and 553637?
973
Calculate the greatest common divisor of 3402 and 1638.
126
What is the highest common divisor of 22506 and 5022?
186
What is the greatest common divisor of 1856 and 2668?
116
Calculate the highest common divisor of 11514 and 627.
57
What is the greatest common factor of 50 and 565650?
50
What is the highest common divisor of 1343939 and 123?
41
What is the greatest common factor of 302847 and 354?
177
What is the highest common divisor of 40536 and 72?
72
Calculate the highest common divisor of 4664 and 29788.
44
What is the greatest common factor of 87320 and 888?
296
What is the greatest common factor of 708 and 204140?
236
What is the greatest common factor of 42691 and 187?
11
Calculate the highest common divisor of 146 and 485158.
146
What is the highest common divisor of 11085 and 60?
15
What is the highest common divisor of 32463 and 3?
3
What is the highest common divisor of 130452 and 56?
28
What is the greatest common factor of 7900 and 19460?
20
What is the greatest common divisor of 2008425 and 61?
61
What is the greatest common divisor of 4575 and 975?
75
What is the greatest common divisor of 466 and 77123?
233
Calculate the greatest common factor of 590948 and 15997.
941
What is the highest common divisor of 24433 and 106?
53
What is the highest common divisor of 54045 and 735?
15
Calculate the greatest common factor of 3157 and 1232.
77
Calculate the highest common factor of 1320 and 6040.
40
What is the greatest common factor of 12198 and 228?
114
What is the highest common factor of 7844 and 116812?
212
Calculate the greatest common divisor of 59722 and 26.
26
Calculate the greatest common factor of 144 and 280584.
72
Calculate the highest common factor of 15129 and 18.
9
What is the greatest common factor of 710177 and 208?
13
What is the greatest common divisor of 41584 and 69?
23
Calculate the highest common divisor of 782 and 322874.
46
Calculate the greatest common factor of 4815 and 4830.
15
What is the highest common divisor of 14744 and 57?
19
Calculate the highest common factor of 2231145 and 787.
787
Calculate the highest common divisor of 141337 and 305.
61
What is the greatest common factor of 12663 and 21?
21
What is the highest common divisor of 6 and 598848?
6
What is the greatest common divisor of 308 and 3766?
14
What is the greatest common divisor of 1006 and 382783?
503
What is the highest common divisor of 11060 and 4060?
140
What is the highest common divisor of 2006 and 4586719?
1003
Calculate the highest common divisor of 120 and 4168.
8
Calculate the greatest common factor of 1053 and 147901.
13
What is the greatest common divisor of 2304 and 4889856?
768
Calculate the greatest common factor of 874 and 19000.
38
Calculate the highest common factor of 11966 and 186.
62
What is the greatest common factor of 28668 and 324?
12
What is the highest common divisor of 1051644 and 341?
341
Calculate the greatest common factor of 344 and 2159546.
86
What is the highest common factor of 120 and 745?
5
What is the greatest common divisor of 73476 and 3744?
468
What is the greatest common factor of 784 and 2527?
7
What is the highest common factor of 348 and 3348?
12
Calculate the greatest common divisor of 12204 and 432.
108
What is the highest common factor of 27048 and 2415?
483
Calculate the highest common divisor of 19137 and 6.
3
What is the greatest common divisor of 20085 and 3861?
39
Calculate the highest common factor of 28667 and 1417.
109
What is the highest common factor of 394103 and 341?
31
Calculate the greatest 